59 - 12, -5*j - 3*k + 327 = 0. Calculate the highest common divisor of 168 and j.
21
Let v be 7 + 45/(-5) + 4. Calculate the greatest common factor of v and 122.
2
Let a = 1406 + -977. Calculate the highest common divisor of 33 and a.
33
Let p(g) = 7*g**2 - 6*g. Let k be p(4). Suppose 0*a = -5*a - 10. Let b(t) = -4*t. Let z be b(a). What is the greatest common divisor of z and k?
8
Let u(y) = -2*y**3 + 39*y**2 - 16*y - 39. Let n be u(19). Let h(b) = -15*b - 3. Let x be h(-5). What is the highest common factor of x and n?
18
Let w(q) = 4*q**2 - 11*q - 6. Let u be w(-2). Calculate the greatest common factor of 632 and u.
8
Let y be (-1 - 2 - -4)*6. Let i be 1/(y/(-4))*-21. Suppose i - 2 = 3*z + 3*w, 3*z = -4*w + 8. Calculate the greatest common factor of 2 and z.
2
Let k = 10 + -8. Suppose 2*h + 2*q = 26, -k*h + 5*h = -q + 43. Let b(t) = 76*t**2 - 1. Let y be b(-1). Calculate the greatest common divisor of h and y.
15
Let p(j) = -102*j + 2. Let r be p(-1). Calculate the highest common divisor of r and 468.
52
Suppose -3*d + 57 = 2*l - 8*d, 0 = 2*l + d - 51. Let o be l/(-3 - -1 - 4*-1). Calculate the highest common divisor of 39 and o.
13
Suppose 4*r + 162 = 5*r. What is the greatest common divisor of 108 and r?
54
Let o be 27/21 + 2/(-7). Let q be ((-2)/3)/(o/(-15)). Let r be ((-18)/(-4))/(1/q). What is the highest common factor of r and 5?
5
Let f = 20 + -17. Suppose -5*w + 2*g + 3 = -8, -f*g = -6. Suppose 7*i + 3*u = w*i + 4, -2*u - 12 = -i. What is the greatest common factor of i and 8?
4
Let g = 365 - 321. Calculate the highest common divisor of g and 4.
4
Suppose -n + 2*z + z - 2 = 0, z = 3*n - 10. Suppose 25 = 5*p - n*w + 5, -p - 2*w + 18 = 0. What is the greatest common divisor of 32 and p?
8
Let o(p) = p**3 + 11*p**2 - p - 8. Let n be o(-11). Suppose -2*v - n*d = 6, -v + 0*d = 2*d + 5. Calculate the highest common divisor of v and 12.
3
Let u be 3*2*(-8)/(-3). Suppose 5*c + 3 = 2*k + 2, 0 = -3*k + 9. Let r be (c/2)/((-6)/(-48)). What is the greatest common divisor of u and r?
4
Let l(s) = s + 22. Let m be l(-11). Let f(a) = a**3 + 7*a**2 + 9*a + 7. Let c be f(-6). Let n = c + 121. What is the highest common divisor of n and m?
11
Let n(f) = f**3 + 4*f**2 - 3*f. Suppose 0*k = -2*k + 6. Let m = k + -7. Let i be n(m). Calculate the highest common factor of i and 48.
12
Let t(w) = -11*w - 2. Suppose 4*o + 71 = 23. Let x be 9/6*o/9. Let g be t(x). What is the highest common factor of 30 and g?
10
Suppose 13*b - 23 = 29. Suppose -2*v = -2*q + 5*q + 8, 0 = -3*v + b*q + 22. Calculate the greatest common divisor of 22 and v.
2
Let w(v) = 66*v + 138. Let a be w(3). Calculate the greatest common divisor of a and 784.
112
Let a(q) = 5*q**2 + 2*q - 1. Let i be a(1). Let v = -38 + 46. Suppose v*b + 0*b - 32 = 0. Calculate the greatest common factor of b and i.
2
Suppose -12 = -3*i - 0. Let h be 0*2/i + 2. Suppose 0 = 5*v - g - 121, -v - 4*v + h*g = -122. What is the highest common divisor of 192 and v?
24
Suppose 452*x = 449*x + 189. What is the highest common factor of x and 63?
63
Suppose -71 - 57 = -i. Let a = -8 - -24. What is the highest common divisor of a and i?
16
Let n = -7 - 14. Let t = 20 + -64. Let i = n - t. What is the highest common divisor of 92 and i?
23
Suppose 5*x = 0, -120 = 2*z - 4*z + 3*x. Let k = 14 - -1. Calculate the highest common factor of k and z.
15
Suppose 3*r + 3*p = 75, -63 = -7*r + 5*p + 52. Calculate the greatest common divisor of r and 3140.
20
Let x(n) = -n**3 + 5*n**2 + 7*n - 4. Let j be 105/(-84)*-1*4. Let t be x(j). Calculate the highest common divisor of 62 and t.
31
Let g(q) = 4*q**2 + 19*q. Let p be g(-5). Calculate the highest common factor of 10 and p.
5
Let h be (-5)/(-1*3/6). Let z be (h - -5)/(2 + -1). Suppose -2*q = -n + 22, -2*n - 3*q + 0*q = -72. Calculate the greatest common divisor of n and z.
15
Suppose -4*c - 102 - 173 = -s, 2*s = c + 592. Let j be 0 - 3/(9/(-39)). Calculate the highest common factor of j and s.
13
Let m(b) = b**3 + 33*b**2 + 9*b + 327. Let q be m(-33). Let g(d) = 6*d**3 + 2*d - 2. Let r be g(2). What is the highest common factor of q and r?
10
Let z be ((-8)/10)/(2/1000*-10). What is the greatest common divisor of z and 50?
10
Let d(z) = -2*z**3 + 27*z - 10. Let m be d(-8). Calculate the greatest common factor of 14 and m.
14
Let u = 22 - 19. Suppose u*v + 100 = -5*s, 3*s + v = 5*v - 31. Let r = s - -34. What is the greatest common divisor of 85 and r?
17
Let c be -4 + 1 + (11 - 6). Let a be 1/(-3) + (-690)/(-18). Suppose -10 = -c*d + a. Calculate the highest common factor of 24 and d.
24
Suppose 0 = 6*k - 87 + 39. Let g = 4 - -20. What is the greatest common divisor of k and g?
8
Let m(y) = 9*y + 683. Let v be m(-65). What is the highest common divisor of 994 and v?
14
Suppose -8*r + 4*r = 4. Let s be -3*r/6*6. Suppose -q - 3*g - 8 = -30, -s*q - g = -58. What is the highest common factor of 95 and q?
19
Suppose -150*l = -115*l - 630. What is the greatest common divisor of 1602 and l?
18
Let r = 66 + -20. Let m(v) = -v**3 + 8*v**2 - 9*v + 5. Let f be m(6). Calculate the greatest common factor of f and r.
23
Let k(r) = 20*r**3 + 1. Let n be k(1). Suppose 2*u = -0*u + 4. Suppose 5*l = -t + 33 - u, 3*t - 59 = 2*l. What is the greatest common factor of n and t?
21
Suppose -1252 = -v - 1246. Calculate the greatest common divisor of v and 111.
3
Let m(t) = -16*t + 401. Let q be m(8). What is the greatest common factor of 182 and q?
91
Let f(b) = b**3 + 3*b**2 - 17*b - 14. Let h be f(-6). Let n be (-232)/h*10/4. Calculate the highest common divisor of 29 and n.
29
Suppose b = 18*b - 544. What is the highest common divisor of b and 800?
32
Let r be 3/(-2)*(176624/21)/(-8). Calculate the greatest common factor of r and 38.
19
Let m(f) = f - 2. Let p be m(8). Suppose -7*w - 10 = -2*w. Let h = p - w. What is the highest common factor of h and 72?
8
Suppose 3*r + 13 = 115. Let c = 44 - r. Calculate the highest common factor of 90 and c.
10
Let o = 11 - 9. Suppose -o*v = 3*v - 815. Let d = v + -44. What is the highest common divisor of 17 and d?
17
Let w = -13 - -22. Suppose -4*i + 3 = -w. Suppose -3*p + s = -64, -2*p + 2*s + 41 = i*s. What is the greatest common factor of 231 and p?
21
Suppose n = 2*n - 12. Suppose -3*b - 6 = 3*z + 6, -3*b + 2*z = n. Let j be 108/((-2)/b*1). Calculate the greatest common factor of j and 24.
24
Let z be (-2 + 3)/(1/143). Suppose 5*c + 6*c = z. Calculate the highest common divisor of 91 and c.
13
Let t be 2/2 - 7/7. Let i be (1 - t)*9*8. Let w be -6 + i + (-1 - 2). Calculate the highest common divisor of w and 9.
9
Let s be (1 - 11/(-4))/(18/336). Suppose -6 = 3*m, 0*m - s = -3*v - m. Calculate the greatest common divisor of v and 8.
8
Let n = -431 + 487. Calculate the greatest common factor of n and 24.
8
Let r(q) = q**2 - q + 8. Let s be r(0). Let n be -2*(0 + s/(-1)). Let b = -29 - -61. Calculate the highest common factor of b and n.
16
Let n be (-1 - (2 - 2)) + 4. Let b be (-33)/(-1) - (n + 0). Suppose 49 = z + m - 3*m, m = 4*z - 182. What is the greatest common factor of z and b?
15
Suppose n - o + 2 = -13, 4*o = 0. Let c = -24 - n. Let d be 3*(-3)/c*2. Calculate the highest common factor of 22 and d.
2
Let i(p) be the second derivative of p**4/4 - 2*p**3 - 7*p**2/2 - 10*p. Let d be i(13). Calculate the highest common divisor of d and 43.
43
Let l be -1*8/76 + (7 - 22014/(-114)). Suppose -3*b + 2*b + 8 = 0. Calculate the greatest common divisor of b and l.
8
Suppose 3080 = 54*m - 5020. Calculate the highest common factor of 42 and m.
6
Let q(n) = -2*n + 2. Let i be q(-3). Let l be (-288)/(-3)*(-22)/(-33) + (-48)/(-6). Calculate the highest common divisor of l and i.
8
Let o = 20 + -3. Suppose -56 = -3*b - k, 5*k = -b - 8 + 50. What is the highest common factor of b and o?
17
Let h = 497 - -2309. Calculate the greatest common divisor of h and 122.
122
Let m = -225 - -345. What is the highest common factor of 80 and m?
40
Let a(b) = -3*b - 3*b + 15 + 5*b. Let o be a(-5). Calculate the highest common factor of 5 and o.
5
Suppose 28 = 4*t + 3*t. Suppose -t*w + 7*w - 2*n = 100, n = w - 35. Calculate the highest common divisor of 45 and w.
15
Let x = 1176 - 1086. What is the highest common factor of 144 and x?
18
Let a be 3 + (8/12)/((-4)/18). Let g = 4 - a